 Let a be p(8). Suppose -a*f = -6*f + 87. List the prime factors of f.
29
Suppose -u + 3*u - 8 = 0. Suppose -17 = -u*t + 3*n, -15 = -5*t - 4*n + 14. Suppose g + 11 = t*s - 1, -2*g - 12 = -4*s. What are the prime factors of s?
2
Suppose 5*m - 3 - 47 = 0. Suppose 4*b - 47 = 3*o, -5*o + 3*o = m. Let t = b - 6. List the prime factors of t.
2
Suppose 2*s - u - 4 = 0, -4*s - 5*u - 17 = 3. List the prime factors of 16*1 + s - 1.
3, 5
Suppose -3*u = -0*u - 18. Let s(v) = 2*v - 4. List the prime factors of s(u).
2
Suppose 1100 = -2*x - 2*q, -2*x - 1108 = -0*q + 4*q. What are the prime factors of (-1)/3 + x/(-18)?
2, 3, 5
Suppose -13 = -5*o - 4*h, -5*o - 4*h + 12 = -o. Suppose 3*t = -t + 56. List the prime factors of (1*t)/(o + 1).
7
Let r(o) be the first derivative of -2*o**2 - 2*o + 1. What are the prime factors of r(-4)?
2, 7
Suppose -z - g = -70, 3*z - 5 = 5*g + 181. What are the prime factors of z?
67
Suppose -o + 1 + 3 = -z, o = -3*z + 4. Suppose 5*i - 3*i + o = 0. List the prime factors of -6*(i - (-3)/3).
2, 3
Let n(c) = 28*c - 24. List the prime factors of n(5).
2, 29
Let b be (-7 - -1)/((-10)/(-25)). List the prime factors of 2 + -4 - (b + 0).
13
Let h = -7 + 1. Let f be ((-27)/h)/(2/(-4)). Let w(o) = o**2 + 9*o + 12. What are the prime factors of w(f)?
2, 3
What are the prime factors of (0 + -1)/((-7)/567)?
3
Suppose -y + 25 = -3*h, 0 = 4*y - 3*y - h - 33. What are the prime factors of y?
37
Suppose 24*m - 21*m - 105 = 0. List the prime factors of m.
5, 7
Let y(n) = 2*n**2 - 2*n. Let o(a) = 4*a - 1. Let d be o(1). List the prime factors of y(d).
2, 3
Let v be 285/6 - (-3)/(-2). Suppose v + 26 = 3*b. List the prime factors of b.
2, 3
Suppose w = -0 - 2. Let s be 39 + 0*w/(-2). List the prime factors of s/6 + 2/4.
7
Let z(c) = -c - 2. Suppose 75 = -5*j - 4*l, 3 = -3*l - 12. List the prime factors of z(j).
3
Let a(c) = -c**2 - 7*c + 12. Let b be a(-9). Let o be (-78)/(-9) + (-2)/3. List the prime factors of ((-51)/b)/(4/o).
17
Let k = -2 + 4. Let i be 5/k*16/10. List the prime factors of (-1 + (-2)/i)*-4.
2, 3
Suppose -5*y + 195 - 40 = 0. List the prime factors of y.
31
Let v(x) = 11*x**2 + 2*x - 3. List the prime factors of v(2).
3, 5
Suppose 3*u + 71 - 26 = 0. Suppose -6*z + z = 115. Let n = u - z. List the prime factors of n.
2
What are the prime factors of (-14)/(-119) + 2752/17?
2, 3
Suppose 2*p + 2*p - 148 = 0. Suppose 3*s - 11 - p = 0. List the prime factors of s.
2
Let m = -2 + 7. Let x = 9 - m. Suppose -3*u + u - 62 = -x*y, 50 = 3*y + 2*u. What are the prime factors of y?
2
Suppose 3*s + 0*s = -18. Let j(o) be the first derivative of -o**3/3 - 4*o**2 + 3*o + 4. List the prime factors of j(s).
3, 5
Let b(c) = c + 8. Let z be b(-6). List the prime factors of ((-4)/(-6))/(z/6).
2
Suppose 0 = 6*g - 10 - 8. List the prime factors of g.
3
Suppose 6 + 6 = -4*l, -3*q + 4*l = -303. What are the prime factors of q?
97
Let d(h) = h**3 + h**2 - 3*h - 3. Let s be d(-2). Let u = 7 - s. Suppose 0*m - u = -4*m. List the prime factors of m.
2
Suppose -3*x - 4*w + 12 = 0, 3*x - 5*w = 10 + 2. Suppose -6 = x*p - 2. Let t = p + 3. What are the prime factors of t?
2
Let q(n) = n + 6. Let c be q(-4). Suppose -77 = -5*a + c*k, -k + 13 = a - 2*k. List the prime factors of a.
17
Suppose -3*a + v + 4*v + 413 = 0, -3*v + 677 = 5*a. Let b be a/(-6)*3/(-2). Let j = b - 24. What are the prime factors of j?
2, 5
Let f = -15 - -25. Let r = f + -31. Let y = -10 - r. What are the prime factors of y?
11
Let g(i) = 2*i**2 - 11*i + 7. What are the prime factors of g(7)?
2, 7
Let i(n) = 20*n**2 + n. List the prime factors of i(3).
3, 61
What are the prime factors of (-5)/((-1)/57*3)?
5, 19
Let s(j) = -j**2 - 13*j + 15. Let z(m) = m**3 + m**2 + m + 41. Let p be z(0). Let u = 28 - p. List the prime factors of s(u).
3, 5
Let w(z) be the third derivative of -z**5/60 - z**4/6 - 2*z**3/3 + 2*z**2. Let i be w(-4). List the prime factors of (-126)/(-12) - (-2)/i.
2, 5
Let y(c) = -c + 17. Let p be y(0). Let n = p + -10. Suppose 5*s - 18 = 3*k, 2*s - n*s = -5*k - 20. List the prime factors of s.
3
Let r(l) = l + 15. What are the prime factors of r(-6)?
3
Let c = 57 + -27. Suppose 5*y - c - 35 = 0. What are the prime factors of y?
13
Suppose -6*l - 39 + 189 = 0. What are the prime factors of l?
5
Let d = -12 + 29. Suppose 4*l - 62 = 3*p + d, 3*l - 2*p = 58. What are the prime factors of l?
2
Suppose -a + 45 = 4*a. Suppose -5*j = -a - 11. What are the prime factors of j?
2
Let p(k) = -k**2 + 34. Let c be p(0). Suppose -3*w = -5*w + c. List the prime factors of w.
17
List the prime factors of 29 - (-1 + (-2)/(-1)).
2, 7
Let c(v) = 4*v**2 - 2*v - 44. What are the prime factors of c(-8)?
2, 3, 19
Suppose -12 = -q + 5*q. List the prime factors of 36 + (3/1)/q.
5, 7
What are the prime factors of 2*4/6*57?
2, 19
Let d(v) = v**2 - 4*v + 19. What are the prime factors of d(9)?
2
Let s(j) = -j**3 - 7*j**2 + 3. Let p = -7 - 0. Let r be s(p). Suppose d - r = 4. What are the prime factors of d?
7
Suppose 0*o = -o + 19. Let c = -8 + o. What are the prime factors of c?
11
Let o(m) = -6*m + 8*m - 29*m - 1. Let a be o(-2). Suppose -3*b = 2*s - s + 1, 5*b + a = 3*s. What are the prime factors of s?
11
Let y(a) = -2*a**3 + 2*a**2 + 6*a + a**3 + 3*a**2 + 5 + 0*a**3. What are the prime factors of y(6)?
5
What are the prime factors of 6/9*(-189)/(-6)?
3, 7
Suppose 4*u - 32 = -4*s, -7 = -5*s - 2*u + 18. What are the prime factors of s?
3
Let k(c) = 49*c**3 + c - 1. Let q(y) = -y**3 - 14*y**2 - y - 13. Let b be q(-14). What are the prime factors of k(b)?
7
Suppose -3*x = 2*x - 60. What are the prime factors of x?
2, 3
Let h(c) = -2*c. Suppose -2*u + 0 = -3*b + 1, -3*u - 9 = 3*b. What are the prime factors of h(u)?
2
Let s = -15 - -69. List the prime factors of s.
2, 3
Suppose -93 = -3*g + 3*o, 0 = 3*g + 2*o - 3*o - 85. What are the prime factors of g?
3
Suppose 44 = -2*l + 6*l - 2*h, h = -l + 8. List the prime factors of (-25)/(-10)*8/l.
2
Suppose 4*t - 20 = w, 24 = t - 0*t - 5*w. Suppose 0 = -3*a + 17 + t. What are the prime factors of a?
7
Let n = -43 - -257. What are the prime factors of n?
2, 107
Let y = 3 - 3. Let p(x) = 2*x**2 + 62. List the prime factors of p(y).
2, 31
Let x(a) = 21*a**2 + a. What are the prime factors of x(-2)?
2, 41
Let l(i) be the second derivative of -25*i**4/24 - i**3/6 + 2*i**2 - 5*i. Let b(t) be the first derivative of l(t). List the prime factors of b(-1).
2, 3
Suppose 0 = 2*d + d - 3*t - 42, 0 = d + 5*t + 16. List the prime factors of (10 - d)/((-2)/(-62)).
31
What are the prime factors of ((-2)/8)/(2/(-1256))?
157
Let l = -8 + 11. Suppose 2*q + 2*n = -6, -l*q + 5*n = -0*q - 23. List the prime factors of 2 - (q + -1 - 0).
2
Let o(c) be the first derivative of -c**3/3 + 7*c**2/2 - 4*c + 3. Let g be o(6). Suppose 7 = j + w, g*w - 6*w + 3 = -j. List the prime factors of j.
5
Let s(q) be the second derivative of q**5/20 + q**4/4 + q**3/3 + q**2 + 2*q. Let j be s(-2). Suppose j*a = -0*a + 22. List the prime factors of a.
11
Suppose 0 = -6*q + 2*q + 156. What are the prime factors of q?
3, 13
Let i(n) = -n**3 - 5*n**2 - 6*n - 4. Let j be i(-6). Suppose -2*a = 3*s + a - 48, 5*s = -a + j. List the prime factors of s.
13
Suppose -5*w + 15 = -5, 3*w = -4*h + 560. List the prime factors of h.
137
Suppose 4 = 4*s - 40. Suppose -62 + s = -3*p. List the prime factors of p.
17
Let q(p) = -p**2 + 8*p + 1. Let x be q(7). Suppose x = -z + 3*z. What are the prime factors of z?
2
Let f(y) = y**2 + 11*y + 2. Let g be f(-11). Suppose -66 = g*r - 5*r. List the prime factors of r.
2, 11
Suppose -j + 0*j = -19. Suppose 0 = -5*f - 5*y - j + 54, -5*y = 4*f - 31. Suppose p - 55 = -f*p. List the prime factors of p.
11
Let q(p) = -6 - p**2 + 6*p + 0*p + 2*p. Let y = 3 + 3. What are the prime factors of q(y)?
2, 3
Let o = -10 + 8. What are the prime factors of -3 + (o - -33)*1?
2, 7
Let c = 1 + -1. Let z = 0 - c. Suppose z = 2*l + 9 - 23. What are the prime factors of l?
7
Let x = 7 + -9. What are the prime factors of -1*(x + 4) + 6?
2
Let l(j) = j + 15. Let m be l(-11). Suppose m*h - 6*h - 6 = 0. Let d(g) = -2*g + 2. What are the prime factors of d(h)?
2
Suppose 0*c = 2*n - 4*c + 68, 3*n + 142 = -4*c. List the prime factors of ((-8)/(-12))/((-2)/n).
2, 7
Let d(y) = 4*y**2 + y - 1. Let l be d(1). Suppo